{"id":620,"date":"2018-01-04T20:35:45","date_gmt":"2018-01-04T23:35:45","guid":{"rendered":"http:\/\/www.mundoleitura.com.br\/editora\/?page_id=620"},"modified":"2018-01-04T23:13:45","modified_gmt":"2018-01-05T02:13:45","slug":"maira-mendes","status":"publish","type":"page","link":"https:\/\/www.mundoleitura.com.br\/editora\/autores\/maira-mendes\/","title":{"rendered":"Ma\u00edra Mendes"},"content":{"rendered":"<p><a href=\"http:\/\/www.mundoleitura.com.br\/editora\/wp-content\/uploads\/2018\/01\/Ma\u00edra-Mendes-Ilustradora.jpg\"><img loading=\"lazy\" decoding=\"async\" class=\"alignleft wp-image-627\" src=\"http:\/\/www.mundoleitura.com.br\/editora\/wp-content\/uploads\/2018\/01\/Ma\u00edra-Mendes-Ilustradora-300x255.jpg\" alt=\"\" width=\"231\" height=\"196\" srcset=\"https:\/\/www.mundoleitura.com.br\/editora\/wp-content\/uploads\/2018\/01\/Ma\u00edra-Mendes-Ilustradora-300x255.jpg 300w, https:\/\/www.mundoleitura.com.br\/editora\/wp-content\/uploads\/2018\/01\/Ma\u00edra-Mendes-Ilustradora-768x652.jpg 768w, https:\/\/www.mundoleitura.com.br\/editora\/wp-content\/uploads\/2018\/01\/Ma\u00edra-Mendes-Ilustradora-1024x870.jpg 1024w, https:\/\/www.mundoleitura.com.br\/editora\/wp-content\/uploads\/2018\/01\/Ma\u00edra-Mendes-Ilustradora-200x170.jpg 200w, https:\/\/www.mundoleitura.com.br\/editora\/wp-content\/uploads\/2018\/01\/Ma\u00edra-Mendes-Ilustradora.jpg 1200w\" sizes=\"auto, (max-width: 231px) 100vw, 231px\" \/><\/a>Ilustradora, design e estilista, cria imagens semanais para\u00a0a coluna de Lira Neto no Caderno Ilustrada da Folha de SP, atua em projetos com publica\u00e7\u00f5es <a href=\"http:\/\/www.mundoleitura.com.br\/editora\/wp-content\/uploads\/2017\/11\/O-DI\u00c1RIO-DE-DANDARA-PELO-MUNDO-CAPA.jpg\"><img loading=\"lazy\" decoding=\"async\" class=\"alignright size-medium wp-image-430\" src=\"http:\/\/www.mundoleitura.com.br\/editora\/wp-content\/uploads\/2017\/11\/O-DI\u00c1RIO-DE-DANDARA-PELO-MUNDO-CAPA-201x300.jpg\" alt=\"\" width=\"201\" height=\"300\" srcset=\"https:\/\/www.mundoleitura.com.br\/editora\/wp-content\/uploads\/2017\/11\/O-DI\u00c1RIO-DE-DANDARA-PELO-MUNDO-CAPA-201x300.jpg 201w, https:\/\/www.mundoleitura.com.br\/editora\/wp-content\/uploads\/2017\/11\/O-DI\u00c1RIO-DE-DANDARA-PELO-MUNDO-CAPA-768x1147.jpg 768w, https:\/\/www.mundoleitura.com.br\/editora\/wp-content\/uploads\/2017\/11\/O-DI\u00c1RIO-DE-DANDARA-PELO-MUNDO-CAPA-686x1024.jpg 686w, https:\/\/www.mundoleitura.com.br\/editora\/wp-content\/uploads\/2017\/11\/O-DI\u00c1RIO-DE-DANDARA-PELO-MUNDO-CAPA-134x200.jpg 134w, https:\/\/www.mundoleitura.com.br\/editora\/wp-content\/uploads\/2017\/11\/O-DI\u00c1RIO-DE-DANDARA-PELO-MUNDO-CAPA.jpg 1655w\" sizes=\"auto, (max-width: 201px) 100vw, 201px\" \/><\/a>voltadas\u00a0a\u00a0ONGs de refugiados da \u00c1frica \u00c1rabe e est\u00e1 sempre envolvida com\u00a0desenhos e aquarelas. Desenha desde crian\u00e7a. Come\u00e7ou imitando o irm\u00e3o mais velho, depois seguiu rumo pr\u00f3prio. Em seus riscos e rabiscos, surgiram garotas com looks divertidos, cheias de cores, acess\u00f3rios e muita atitude, parecidas com a personagem Dandara, de seu primeiro livro infantojuvenil:\u00a0<em>O Di\u00e1rio de Dandara Pelo Mundo (<\/em>2017, Mundo Leitura<em>)<\/em>.Com um talento incr\u00edvel para traduzir sentimentos em aquarelas, essa jovem designer de superf\u00edcies\u00a0paulistana, transita no universo da moda com a mesma delicadeza e eleg\u00e2ncia com que cria murais, inventa artes e personagens ilustrados.<\/p>\n<div class=\"_ajw\"><\/div>\n<div class=\"_ajw\"><\/div>\n<p>&nbsp;<\/p>\n","protected":false},"excerpt":{"rendered":"<p>Ilustradora, design e estilista, cria imagens semanais para\u00a0a coluna de Lira Neto no Caderno Ilustrada da Folha de SP, atua em projetos com publica\u00e7\u00f5es voltadas\u00a0a\u00a0ONGs de refugiados da \u00c1frica \u00c1rabe e est\u00e1 sempre envolvida com\u00a0desenhos e aquarelas. Desenha desde crian\u00e7a. Come\u00e7ou imitando o irm\u00e3o mais velho, depois seguiu rumo pr\u00f3prio. Em seus riscos e rabiscos, [&hellip;]<\/p>\n","protected":false},"author":2,"featured_media":627,"parent":20,"menu_order":0,"comment_status":"closed","ping_status":"closed","template":"","meta":{"footnotes":""},"class_list":["post-620","page","type-page","status-publish","has-post-thumbnail","hentry"],"_links":{"self":[{"href":"https:\/\/www.mundoleitura.com.br\/editora\/wp-json\/wp\/v2\/pages\/620","targetHints":{"allow":["GET"]}}],"collection":[{"href":"https:\/\/www.mundoleitura.com.br\/editora\/wp-json\/wp\/v2\/pages"}],"about":[{"href":"https:\/\/www.mundoleitura.com.br\/editora\/wp-json\/wp\/v2\/types\/page"}],"author":[{"embeddable":true,"href":"https:\/\/www.mundoleitura.com.br\/editora\/wp-json\/wp\/v2\/users\/2"}],"replies":[{"embeddable":true,"href":"https:\/\/www.mundoleitura.com.br\/editora\/wp-json\/wp\/v2\/comments?post=620"}],"version-history":[{"count":7,"href":"https:\/\/www.mundoleitura.com.br\/editora\/wp-json\/wp\/v2\/pages\/620\/revisions"}],"predecessor-version":[{"id":631,"href":"https:\/\/www.mundoleitura.com.br\/editora\/wp-json\/wp\/v2\/pages\/620\/revisions\/631"}],"up":[{"embeddable":true,"href":"https:\/\/www.mundoleitura.com.br\/editora\/wp-json\/wp\/v2\/pages\/20"}],"wp:featuredmedia":[{"embeddable":true,"href":"https:\/\/www.mundoleitura.com.br\/editora\/wp-json\/wp\/v2\/media\/627"}],"wp:attachment":[{"href":"https:\/\/www.mundoleitura.com.br\/editora\/wp-json\/wp\/v2\/media?parent=620"}],"curies":[{"name":"wp","href":"https:\/\/api.w.org\/{rel}","templated":true}]}}