{"id":476,"date":"2017-11-10T17:21:49","date_gmt":"2017-11-10T20:21:49","guid":{"rendered":"http:\/\/www.mundoleitura.com.br\/editora\/?page_id=476"},"modified":"2023-09-30T17:01:55","modified_gmt":"2023-09-30T20:01:55","slug":"vitor-gabriel","status":"publish","type":"page","link":"https:\/\/www.mundoleitura.com.br\/editora\/autores\/vitor-gabriel\/","title":{"rendered":"V\u00edtor Lins"},"content":{"rendered":"<p><a href=\"http:\/\/www.mundoleitura.com.br\/editora\/wp-content\/uploads\/2017\/11\/V\u00cdTOR-GABRIEL-AUTOR.jpg\"><img loading=\"lazy\" decoding=\"async\" class=\"alignleft  wp-image-477\" src=\"http:\/\/www.mundoleitura.com.br\/editora\/wp-content\/uploads\/2017\/11\/V\u00cdTOR-GABRIEL-AUTOR-300x213.jpg\" alt=\"\" width=\"263\" height=\"187\" srcset=\"https:\/\/www.mundoleitura.com.br\/editora\/wp-content\/uploads\/2017\/11\/V\u00cdTOR-GABRIEL-AUTOR-300x213.jpg 300w, https:\/\/www.mundoleitura.com.br\/editora\/wp-content\/uploads\/2017\/11\/V\u00cdTOR-GABRIEL-AUTOR-768x545.jpg 768w, https:\/\/www.mundoleitura.com.br\/editora\/wp-content\/uploads\/2017\/11\/V\u00cdTOR-GABRIEL-AUTOR-1024x726.jpg 1024w, https:\/\/www.mundoleitura.com.br\/editora\/wp-content\/uploads\/2017\/11\/V\u00cdTOR-GABRIEL-AUTOR-200x142.jpg 200w\" sizes=\"auto, (max-width: 263px) 100vw, 263px\" \/><\/a>Nasceu na cidade de Macei\u00f3, onde cresceu criativo e cheio de ideias <a href=\"http:\/\/www.mundoleitura.com.br\/editora\/wp-content\/uploads\/2017\/11\/OS-TR\u00caS-PORQUINHOS-DO-AGRESTE-CAPA.jpg\"><img loading=\"lazy\" decoding=\"async\" class=\"alignright size-medium wp-image-483\" src=\"http:\/\/www.mundoleitura.com.br\/editora\/wp-content\/uploads\/2017\/11\/OS-TR\u00caS-PORQUINHOS-DO-AGRESTE-CAPA-215x300.jpg\" alt=\"\" width=\"215\" height=\"300\" srcset=\"https:\/\/www.mundoleitura.com.br\/editora\/wp-content\/uploads\/2017\/11\/OS-TR\u00caS-PORQUINHOS-DO-AGRESTE-CAPA-215x300.jpg 215w, https:\/\/www.mundoleitura.com.br\/editora\/wp-content\/uploads\/2017\/11\/OS-TR\u00caS-PORQUINHOS-DO-AGRESTE-CAPA-768x1071.jpg 768w, https:\/\/www.mundoleitura.com.br\/editora\/wp-content\/uploads\/2017\/11\/OS-TR\u00caS-PORQUINHOS-DO-AGRESTE-CAPA-735x1024.jpg 735w, https:\/\/www.mundoleitura.com.br\/editora\/wp-content\/uploads\/2017\/11\/OS-TR\u00caS-PORQUINHOS-DO-AGRESTE-CAPA-143x200.jpg 143w\" sizes=\"auto, (max-width: 215px) 100vw, 215px\" \/><\/a>efervescentes. Algumas ganharam asas e sa\u00edram voando por a\u00ed, outras simplesmente se mudaram para o ba\u00fa das vontades adormecidas. Foi assim com o desejo de se tornar escritor, abandonado algum tempo depois do nascimento de seu primeiro livro: <em>Os Tr\u00eas Porquinhos do Agreste,<\/em> escrito em coautoria com a m\u00e3e, Claudia Lins. Em 2017, ele comemorou a festa de anivers\u00e1rio de 10 anos deste livro, uma data alegre e importante que aconteceu ao mesmo tempo que uma nova e importante fase: sua mudan\u00e7a para a cidade de Campina Grande, na Para\u00edba, para cursar a universidade de Engenharia El\u00e9trica.<\/p>\n","protected":false},"excerpt":{"rendered":"<p>Nasceu na cidade de Macei\u00f3, onde cresceu criativo e cheio de ideias efervescentes. Algumas ganharam asas e sa\u00edram voando por a\u00ed, outras simplesmente se mudaram para o ba\u00fa das vontades adormecidas. Foi assim com o desejo de se tornar escritor, abandonado algum tempo depois do nascimento de seu primeiro livro: Os Tr\u00eas Porquinhos do Agreste, [&hellip;]<\/p>\n","protected":false},"author":2,"featured_media":477,"parent":20,"menu_order":0,"comment_status":"closed","ping_status":"closed","template":"","meta":{"footnotes":""},"class_list":["post-476","page","type-page","status-publish","has-post-thumbnail","hentry"],"_links":{"self":[{"href":"https:\/\/www.mundoleitura.com.br\/editora\/wp-json\/wp\/v2\/pages\/476","targetHints":{"allow":["GET"]}}],"collection":[{"href":"https:\/\/www.mundoleitura.com.br\/editora\/wp-json\/wp\/v2\/pages"}],"about":[{"href":"https:\/\/www.mundoleitura.com.br\/editora\/wp-json\/wp\/v2\/types\/page"}],"author":[{"embeddable":true,"href":"https:\/\/www.mundoleitura.com.br\/editora\/wp-json\/wp\/v2\/users\/2"}],"replies":[{"embeddable":true,"href":"https:\/\/www.mundoleitura.com.br\/editora\/wp-json\/wp\/v2\/comments?post=476"}],"version-history":[{"count":4,"href":"https:\/\/www.mundoleitura.com.br\/editora\/wp-json\/wp\/v2\/pages\/476\/revisions"}],"predecessor-version":[{"id":1882,"href":"https:\/\/www.mundoleitura.com.br\/editora\/wp-json\/wp\/v2\/pages\/476\/revisions\/1882"}],"up":[{"embeddable":true,"href":"https:\/\/www.mundoleitura.com.br\/editora\/wp-json\/wp\/v2\/pages\/20"}],"wp:featuredmedia":[{"embeddable":true,"href":"https:\/\/www.mundoleitura.com.br\/editora\/wp-json\/wp\/v2\/media\/477"}],"wp:attachment":[{"href":"https:\/\/www.mundoleitura.com.br\/editora\/wp-json\/wp\/v2\/media?parent=476"}],"curies":[{"name":"wp","href":"https:\/\/api.w.org\/{rel}","templated":true}]}}