{"id":159,"date":"2016-10-07T12:14:18","date_gmt":"2016-10-07T15:14:18","guid":{"rendered":"http:\/\/www.mundoleitura.com.br\/editora\/?page_id=159"},"modified":"2016-10-07T12:14:18","modified_gmt":"2016-10-07T15:14:18","slug":"rosana-montalverne","status":"publish","type":"page","link":"https:\/\/www.mundoleitura.com.br\/editora\/autores\/rosana-montalverne\/","title":{"rendered":"Rosana Mont&#8217;Alverne"},"content":{"rendered":"<p><a href=\"http:\/\/www.mundoleitura.com.br\/editora\/wp-content\/uploads\/2016\/10\/Rosana-Mont-Alverne-nos-bastidores-do-simp\u00f3sio-carioca.jpg\"><img loading=\"lazy\" decoding=\"async\" class=\"size-medium wp-image-160 alignleft\" src=\"http:\/\/www.mundoleitura.com.br\/editora\/wp-content\/uploads\/2016\/10\/Rosana-Mont-Alverne-nos-bastidores-do-simp\u00f3sio-carioca-300x196.jpg\" alt=\"rosana-mont-alverne-nos-bastidores-do-simposio-carioca\" width=\"300\" height=\"196\" srcset=\"https:\/\/www.mundoleitura.com.br\/editora\/wp-content\/uploads\/2016\/10\/Rosana-Mont-Alverne-nos-bastidores-do-simp\u00f3sio-carioca-300x196.jpg 300w, https:\/\/www.mundoleitura.com.br\/editora\/wp-content\/uploads\/2016\/10\/Rosana-Mont-Alverne-nos-bastidores-do-simp\u00f3sio-carioca-200x131.jpg 200w, https:\/\/www.mundoleitura.com.br\/editora\/wp-content\/uploads\/2016\/10\/Rosana-Mont-Alverne-nos-bastidores-do-simp\u00f3sio-carioca.jpg 611w\" sizes=\"auto, (max-width: 300px) 100vw, 300px\" \/><\/a><a href=\"http:\/\/www.mundoleitura.com.br\/editora\/wp-content\/uploads\/2016\/10\/A-VEZ-E-A-VOZ-DA-LITERATURA-INFANTIL.jpeg\"><img loading=\"lazy\" decoding=\"async\" class=\"alignright size-medium wp-image-90\" src=\"http:\/\/www.mundoleitura.com.br\/editora\/wp-content\/uploads\/2016\/10\/A-VEZ-E-A-VOZ-DA-LITERATURA-INFANTIL-214x300.jpeg\" alt=\"a-vez-e-a-voz-da-literatura-infantil\" width=\"214\" height=\"300\" srcset=\"https:\/\/www.mundoleitura.com.br\/editora\/wp-content\/uploads\/2016\/10\/A-VEZ-E-A-VOZ-DA-LITERATURA-INFANTIL-214x300.jpeg 214w, https:\/\/www.mundoleitura.com.br\/editora\/wp-content\/uploads\/2016\/10\/A-VEZ-E-A-VOZ-DA-LITERATURA-INFANTIL-768x1077.jpeg 768w, https:\/\/www.mundoleitura.com.br\/editora\/wp-content\/uploads\/2016\/10\/A-VEZ-E-A-VOZ-DA-LITERATURA-INFANTIL-731x1024.jpeg 731w, https:\/\/www.mundoleitura.com.br\/editora\/wp-content\/uploads\/2016\/10\/A-VEZ-E-A-VOZ-DA-LITERATURA-INFANTIL-143x200.jpeg 143w, https:\/\/www.mundoleitura.com.br\/editora\/wp-content\/uploads\/2016\/10\/A-VEZ-E-A-VOZ-DA-LITERATURA-INFANTIL.jpeg 1461w\" sizes=\"auto, (max-width: 214px) 100vw, 214px\" \/><\/a>Autora, editora e contadora de hist\u00f3rias, nasceu em Tr\u00eas Cora\u00e7\u00f5es, Minas Gerais. Formou-se em Direito e se p\u00f3s-graduou na \u00e1rea da Educa\u00e7\u00e3o, alcan\u00e7ando um mestrado pela UFMG e uma especializa\u00e7\u00e3o em Arte-Educa\u00e7\u00e3o pela PUC de Minas. Publisher e presidente da C\u00e2mara Mineira do Livro, gerencia a mais tradicional escola mineira na forma\u00e7\u00e3o de contadores de hist\u00f3rias, preparando educadores, bibliotec\u00e1rios e narradores para os diferentes processos da media\u00e7\u00e3o de leitura. Criou o Projeto Encantadores de Hist\u00f3rias, que leva oficinas liter\u00e1rias a pres\u00eddios mineiros desde 2004. Publicou tr\u00eas t\u00edtulos infantis e participou como co-autora de diversas colet\u00e2neas, entre elas, o livro <em>A Vez e a Voz da Literatura Infantil<\/em>, editado por Mundo Leitura em 2016.<\/p>\n","protected":false},"excerpt":{"rendered":"<p>Autora, editora e contadora de hist\u00f3rias, nasceu em Tr\u00eas Cora\u00e7\u00f5es, Minas Gerais. Formou-se em Direito e se p\u00f3s-graduou na \u00e1rea da Educa\u00e7\u00e3o, alcan\u00e7ando um mestrado pela UFMG e uma especializa\u00e7\u00e3o em Arte-Educa\u00e7\u00e3o pela PUC de Minas. Publisher e presidente da C\u00e2mara Mineira do Livro, gerencia a mais tradicional escola mineira na forma\u00e7\u00e3o de contadores de [&hellip;]<\/p>\n","protected":false},"author":1,"featured_media":160,"parent":20,"menu_order":0,"comment_status":"closed","ping_status":"closed","template":"","meta":{"footnotes":""},"class_list":["post-159","page","type-page","status-publish","has-post-thumbnail","hentry"],"_links":{"self":[{"href":"https:\/\/www.mundoleitura.com.br\/editora\/wp-json\/wp\/v2\/pages\/159","targetHints":{"allow":["GET"]}}],"collection":[{"href":"https:\/\/www.mundoleitura.com.br\/editora\/wp-json\/wp\/v2\/pages"}],"about":[{"href":"https:\/\/www.mundoleitura.com.br\/editora\/wp-json\/wp\/v2\/types\/page"}],"author":[{"embeddable":true,"href":"https:\/\/www.mundoleitura.com.br\/editora\/wp-json\/wp\/v2\/users\/1"}],"replies":[{"embeddable":true,"href":"https:\/\/www.mundoleitura.com.br\/editora\/wp-json\/wp\/v2\/comments?post=159"}],"version-history":[{"count":1,"href":"https:\/\/www.mundoleitura.com.br\/editora\/wp-json\/wp\/v2\/pages\/159\/revisions"}],"predecessor-version":[{"id":161,"href":"https:\/\/www.mundoleitura.com.br\/editora\/wp-json\/wp\/v2\/pages\/159\/revisions\/161"}],"up":[{"embeddable":true,"href":"https:\/\/www.mundoleitura.com.br\/editora\/wp-json\/wp\/v2\/pages\/20"}],"wp:featuredmedia":[{"embeddable":true,"href":"https:\/\/www.mundoleitura.com.br\/editora\/wp-json\/wp\/v2\/media\/160"}],"wp:attachment":[{"href":"https:\/\/www.mundoleitura.com.br\/editora\/wp-json\/wp\/v2\/media?parent=159"}],"curies":[{"name":"wp","href":"https:\/\/api.w.org\/{rel}","templated":true}]}}

<p><a href="http://www.mundoleitura.com.br/editora/wp-content/uploads/2016/10/Rosana-Mont-Alverne-nos-bastidores-do-simpósio-carioca.jpg"><img loading="lazy" decoding="async" class="size-medium wp-image-160 alignleft" src="http://www.mundoleitura.com.br/editora/wp-content/uploads/2016/10/Rosana-Mont-Alverne-nos-bastidores-do-simpósio-carioca-300x196.jpg" alt="rosana-mont-alverne-nos-bastidores-do-simposio-carioca" width="300" height="196" srcset="https://www.mundoleitura.com.br/editora/wp-content/uploads/2016/10/Rosana-Mont-Alverne-nos-bastidores-do-simpósio-carioca-300x196.jpg 300w, https://www.mundoleitura.com.br/editora/wp-content/uploads/2016/10/Rosana-Mont-Alverne-nos-bastidores-do-simpósio-carioca-200x131.jpg 200w, https://www.mundoleitura.com.br/editora/wp-content/uploads/2016/10/Rosana-Mont-Alverne-nos-bastidores-do-simpósio-carioca.jpg 611w" sizes="auto, (max-width: 300px) 100vw, 300px" /></a><a href="http://www.mundoleitura.com.br/editora/wp-content/uploads/2016/10/A-VEZ-E-A-VOZ-DA-LITERATURA-INFANTIL.jpeg"><img loading="lazy" decoding="async" class="alignright size-medium wp-image-90" src="http://www.mundoleitura.com.br/editora/wp-content/uploads/2016/10/A-VEZ-E-A-VOZ-DA-LITERATURA-INFANTIL-214x300.jpeg" alt="a-vez-e-a-voz-da-literatura-infantil" width="214" height="300" srcset="https://www.mundoleitura.com.br/editora/wp-content/uploads/2016/10/A-VEZ-E-A-VOZ-DA-LITERATURA-INFANTIL-214x300.jpeg 214w, https://www.mundoleitura.com.br/editora/wp-content/uploads/2016/10/A-VEZ-E-A-VOZ-DA-LITERATURA-INFANTIL-768x1077.jpeg 768w, https://www.mundoleitura.com.br/editora/wp-content/uploads/2016/10/A-VEZ-E-A-VOZ-DA-LITERATURA-INFANTIL-731x1024.jpeg 731w, https://www.mundoleitura.com.br/editora/wp-content/uploads/2016/10/A-VEZ-E-A-VOZ-DA-LITERATURA-INFANTIL-143x200.jpeg 143w, https://www.mundoleitura.com.br/editora/wp-content/uploads/2016/10/A-VEZ-E-A-VOZ-DA-LITERATURA-INFANTIL.jpeg 1461w" sizes="auto, (max-width: 214px) 100vw, 214px" /></a>Autora, editora e contadora de histórias, nasceu em Três Corações, Minas Gerais. Formou-se em Direito e se pós-graduou na área da Educação, alcançando um mestrado pela UFMG e uma especialização em Arte-Educação pela PUC de Minas. Publisher e presidente da Câmara Mineira do Livro, gerencia a mais tradicional escola mineira na formação de contadores de histórias, preparando educadores, bibliotecários e narradores para os diferentes processos da mediação de leitura. Criou o Projeto Encantadores de Histórias, que leva oficinas literárias a presídios mineiros desde 2004. Publicou três títulos infantis e participou como co-autora de diversas coletâneas, entre elas, o livro <em>A Vez e a Voz da Literatura Infantil</em>, editado por Mundo Leitura em 2016.</p>

<p>Autora, editora e contadora de histórias, nasceu em Três Corações, Minas Gerais. Formou-se em Direito e se pós-graduou na área da Educação, alcançando um mestrado pela UFMG e uma especialização em Arte-Educação pela PUC de Minas. Publisher e presidente da Câmara Mineira do Livro, gerencia a mais tradicional escola mineira na formação de contadores de [&hellip;]</p>
